 67 = 0. What are the prime factors of (3/(2 + 4))/((-2)/l)?
7
Let j = 28 - 27. What are the prime factors of 0 + j - (-25 - 2)?
2, 7
Let y(n) = n**3 + 9*n**2. Suppose 2*p = 4*p + 14. What are the prime factors of y(p)?
2, 7
Suppose -4*w - 6*o + 374 = -4*o, -w = 5*o - 107. Let u = 12 + w. List the prime factors of u.
2, 13
Suppose 4239 = 14*h - 5*h. What are the prime factors of h?
3, 157
Let x be -1 + (298 - 3) + 3. Suppose x = 5*c + 87. What are the prime factors of c?
2, 3, 7
Suppose -3*o = -10*o. Suppose o = -7*d + 195 + 1926. What are the prime factors of d?
3, 101
Let d(o) be the third derivative of -o**6/120 - o**5/30 + o**4/8 - 6*o**2. Let z be d(-3). Suppose x - 81 + 8 = z. List the prime factors of x.
73
Suppose 1202*y + 7608 = 1205*y. What are the prime factors of y?
2, 317
Suppose -160 = -2*h - d, 137 = 2*h + 4*d - 23. Suppose 20*y - 140 = h. List the prime factors of y.
11
Let c(h) = 4*h**2 + 12*h + 10. What are the prime factors of c(13)?
2, 421
Let b = 134 - 82. Suppose 2*a - 17 - b = -5*n, -a = -2. What are the prime factors of n?
13
Suppose -x + 33 = 2*x. Let i = x - 9. What are the prime factors of i?
2
Let z(j) = 6*j + 218. Let b be z(-39). Let f = -41 - -60. Let w = b + f. What are the prime factors of w?
3
Let k be 28/(-6)*3/(-2). Let a be (k + 1)/(-1 + 2). Suppose -25 = -j - a. What are the prime factors of j?
17
What are the prime factors of -3 + 0 + 3 + 1474?
2, 11, 67
Let v = -2062 + 3735. What are the prime factors of v?
7, 239
List the prime factors of 9/((-9)/7908*-2).
2, 3, 659
Let d be (18/(-5))/(8/(-20)). Suppose o + 5*h = d, -5*o + 0*o + h = -45. List the prime factors of (o - 0) + 4 + -1.
2, 3
Suppose -5*f + 63 = -3*z, z - 13 - 36 = -3*f. Suppose 16*p - f*p - 18 = 0. What are the prime factors of p?
2, 3
Suppose 22*w - 70*w = -51600. What are the prime factors of w?
5, 43
Let i(s) = -3*s**2 + 22*s + 8. Let x be i(5). Suppose -n - 5 + 1 = -4*j, -4*j = 5*n - 28. Suppose -j*w + x + 41 = 0. List the prime factors of w.
2, 3, 7
Let y = 9 - 29. Let w = y - -64. List the prime factors of w.
2, 11
Let a = 5 - 11. Let n(b) = -2*b**2 - 23*b - 3. Let g(t) = t**2 + 11*t + 2. Let q(f) = 13*g(f) + 6*n(f). What are the prime factors of q(a)?
2, 7
Suppose -3*q - q + 1132 = 0. Suppose 127 = 5*p - q. List the prime factors of p.
2, 41
Suppose 9 = 2*y + 3. Suppose -3*a = 2*g - 146, 5*a + 178 = -g + y*g. Let p = -31 + g. What are the prime factors of p?
2, 3
Let i(a) = -a + 4. Let c be i(0). List the prime factors of (c/6)/((-8)/(-144)).
2, 3
Suppose 0 = -14*a + 122 + 2048. What are the prime factors of a?
5, 31
Suppose 0 + 30 = -3*m. Let l(o) = -o**2 - 10*o + 5. Let n be l(m). List the prime factors of (-6 + n)/((-3)/15).
5
Let u = -10 + 12. Suppose u*p - 3*p = -3. Suppose -95 = -4*r + p*q, r = 3*r + 3*q - 25. List the prime factors of r.
2, 5
Let i = 14 + 9. Suppose -i = -2*n + 19. What are the prime factors of 6*(n/6 + -1)?
3, 5
Suppose 7*o - 11*o - 5*p + 2125 = 0, 3*p = -5*o + 2653. What are the prime factors of o?
2, 5, 53
Let t = 2174 - 1290. What are the prime factors of t?
2, 13, 17
Let a(l) = -3*l**3 - 7*l**2 + 11*l - 12. Let k be a(-7). Suppose -3*f + 375 = -5*i, 0*f + i - k = -5*f. List the prime factors of f.
2, 3, 5
Let o(r) = -r**3 + 15*r**2 + 3*r - 10. Suppose -w + 9 + 6 = 0. List the prime factors of o(w).
5, 7
Let y(p) = 48*p**2 - p - 4. List the prime factors of y(4).
2, 5, 19
Let w = 31 + -30. Let u(l) = -33*l**2 + 2*l. Let j be u(w). Let n = -25 - j. List the prime factors of n.
2, 3
Let z(s) = s**3 - 4*s**2 + 2*s - 1. Suppose 5*u + 4*x = 30, 3*x + 0 = 4*u + 7. Suppose -4 = 4*n, -u*i - n + 5*n + 14 = 0. What are the prime factors of z(i)?
2, 17
Let b = -12 + 23. Suppose 4*c = -3 + b. Suppose 3*p = -c*m + 2*p + 20, -10 = -m + 3*p. What are the prime factors of m?
2, 5
Suppose -2*k + 20 = -5*l, -3*k = -2*l - 0*k - 19. Let b be 9 + -3 + -2 - l. Suppose -b = -4*d + 58. List the prime factors of d.
2
Suppose i + 2*q + 3 = 0, 4*i + 3*q - 18 = 5*i. Let w be ((-18)/(-4))/(i/12). What are the prime factors of (20/6)/((-4)/w)?
5
Let y be ((-9153)/4)/(-3) - 2/(-8). Suppose -6*d + y = d. List the prime factors of d.
109
Let j be ((-42)/15 - -4)/(4/10). Suppose -5*m - 3*a + 25 + 339 = 0, -j*m + 5*a + 198 = 0. What are the prime factors of m?
71
Suppose -12*z + 13*z - 1 = 0. Let y = z + 8. Suppose 0 = -2*t + y*t - 287. What are the prime factors of t?
41
Let g(s) = -5*s + 2. Let r(p) = -6*p + 1. Let u(y) = -4*g(y) + 5*r(y). List the prime factors of u(-5).
47
Let f = -24 - -29. Suppose 0 = -f*z + 4*a + 345, -3*z = 2*z + 5*a - 300. List the prime factors of z.
5, 13
Suppose 0 = 4*y + 5*q - 10331, -q - 2*q + 10325 = 4*y. What are the prime factors of y?
2579
Let v(h) = -7*h**2 - 7*h - 20. Let d(k) = 15*k**2 + 15*k + 40. Let r(u) = -6*d(u) - 13*v(u). Let o be r(0). List the prime factors of (o/(-6))/((-4)/6).
5
Let g(a) = a + 14. Let t be g(-8). Suppose 2*q + 0 - t = 0, -3*v + 249 = 3*q. What are the prime factors of v?
2, 5
Let o(l) = -l**2 - 25*l - 41. Let x be o(-24). Let q = x - -46. List the prime factors of q.
29
Let f(l) = l**3 + 8*l**2 - 8*l + 12. Let p be f(-9). Let v be 1/5 - 18/(-10). Suppose -p*m + v = -13. List the prime factors of m.
5
Let f(r) = -13*r - 1. Let h be f(1). Let y = h - -19. Suppose -j = 5*k + 3*j - 54, 0 = -y*k - j + 51. What are the prime factors of k?
2, 5
Suppose 3*y = -v + 1, 3*v - 3 = -5*y - 4. Let f be 33/22 + (-305)/v. Suppose -4*z + f = 3*z. List the prime factors of z.
2, 11
Let n(g) = -g + 10. Let f be n(8). Suppose -5 = f*o + 1. What are the prime factors of 3 + o + 2 + 8?
2, 5
Let b be (-1)/(4 + 945/(-236)). Suppose 0 = -3*n + 2*v + b, 2*n + 3*n = -3*v + 406. List the prime factors of n.
2, 5
Suppose -49*r = -44*r - 9195. What are the prime factors of r?
3, 613
Let d = -117 - -133. List the prime factors of 6 + 4228/d + 2/(-8).
2, 3, 5
Suppose 2*v + 5*m = 14, 6*m - 2 = 2*v + 3*m. Let n be 1*(-2 + v)/3. Suppose n = -4*y - 5*u + 163, y + y - 71 = u. What are the prime factors of y?
37
Suppose 77*x - 44*x = 76791. List the prime factors of x.
13, 179
Suppose -4*f + z + 10 = -30, f + 2*z = 19. Suppose 0 = -2*d - 3*n - 2, 3*d - 6*n + f*n + 4 = 0. List the prime factors of d.
2
Let n(g) be the second derivative of g**6/180 - g**5/15 + g**4/8 - 2*g**3/3 + 5*g. Let k(r) be the second derivative of n(r). List the prime factors of k(6).
3
Let o(s) = 3*s - 4. Let v be o(-8). Let z(h) = -2*h**2 + 5*h - 1. Let b be z(-4). Let k = v - b. List the prime factors of k.
5
Let d(c) = 41*c**2 - 2*c - 3. Suppose -1 + 8 = -7*x. What are the prime factors of d(x)?
2, 5
What are the prime factors of 7/(-84)*-645*(6 + 2)?
2, 5, 43
Let w be -1 + -6*2/(-4). Suppose 4*f - 2*s = w*f + 84, 3*f - 4*s = 127. What are the prime factors of f?
41
What are the prime factors of 24284/22 + (-14)/(-77)?
2, 3, 23
Let o = 13 - 8. Let j = -7 - -10. Suppose -3*b = -4*t, o*b - 17 - 12 = -j*t. List the prime factors of b.
2
Suppose -5*o = -5*k + 3315, 3*k - 2879 = o - 888. Suppose k = 4*z - 4*t, -z - 2*z + t = -496. What are the prime factors of z?
3, 5, 11
Let x = -5 - -13. Let z(d) = -x*d + 5*d + 2*d + 5. List the prime factors of z(-8).
13
Let u = 1348 - 429. List the prime factors of u.
919
Suppose 5*u = -2*m - 15, -3*m - 14 = -2*m - 4*u. List the prime factors of m/25 + (1956/15 - -3).
7, 19
Suppose -a - 126 = 5*s, a + s + 114 = -0*a. Let n = a - -188. List the prime factors of n.
7, 11
Let i(z) = -31*z + 14. Let y be i(-6). Let o = y - 118. List the prime factors of o.
2, 41
Suppose 5*y = 2*y - 108. What are the prime factors of 3112/18 - 4/y?
173
Suppose 9 = -3*o + 39. Suppose -2*s + 5 = -s. Let z = s + o. What are the prime factors of z?
3, 5
Let f be 1/((-21)/5097) - 16/56. Let v = 356 + f. List the prime factors of v.
113
Let j(x) = -x**3 + 21*x**2 - 16*x + 1. What are the prime factors of j(20)?
3
Let x(h) = 2*h - 5. Let f be x(5). Let q = 85 + f. List the prime factors of q.
2, 3, 5
Let o be (-5)/((14/4)/(-7)). Suppose -o*x - 2*x + 480 = 0. List the prime factors of x.
2, 5
Let f be (3/9)/(-2 - 1034/(-516)). Let u = -62 + f. List the prime factors of u.
2, 3
List the prime factors of (-1 - 1/2) + 163293/78.
2, 523
Suppose 8*i = -2*b + 3*i + 554, -8 = 4*i. Suppose -294 = -3*p + b. What are the prime factors of p?
2,